ppose -4*f + 3*u - 10 = 0, 0 = -5*f - 2*u + 3*u - 7. Let c be (f - -7)*(0 + -1). Let h(k) = -k**3 - 7*k**2 - 6*k. Determine h(c).
0
Let d(s) be the third derivative of -s**5/30 + s**3/6 - 19*s**2. Determine d(-1).
-1
Let n be (-3 - 0)*(-7 + 6). Let l(u) be the first derivative of -u**3/3 + u**2/2 + 2*u + 2. Calculate l(n).
-4
Let d(t) = 2*t**3 + 12*t**2 + 25*t + 14. Let q(i) = -i**3 - 6*i**2 - 12*i - 7. Let b(f) = -6*d(f) - 13*q(f). Determine b(-5).
2
Let h(j) = -7*j**3 + 15*j**2 + 13*j + 8. Let l(o) = 4*o**3 - 8*o**2 - 7*o - 4. Let m(u) = -3*h(u) - 5*l(u). Let s be (-5 + -4)*(-6)/9. Determine m(s).
8
Let w be (4 - 1)/(15/70). Let n = 10 - w. Let m(k) = 3*k - 8. Let o(z) = 2*z - 7. Let b(d) = 3*m(d) - 4*o(d). Give b(n).
0
Let l = 154 + -151. Let b(q) = -q + 0 - q**2 + 2*q**2 + 1. Give b(l).
7
Let b(s) = s + 1. Let m(p) = 3*p + 8. Let u(c) = 2*b(c) - m(c). Give u(0).
-6
Suppose 63 - 3 = -12*q. Let w(z) = -3*z - 2. What is w(q)?
13
Let r = -3 - -11. Suppose 6*q - 3*d + r = 5*q, 29 = -5*q + 4*d. Let x(p) = p**2 - 6*p + 7. Let z(v) = 5*v**2 - 25*v + 28. Let i(s) = 9*x(s) - 2*z(s). Give i(q).
2
Let o(f) be the first derivative of 4*f**3/3 + 2. Give o(-1).
4
Let l(u) = -u - 3. Suppose -2*s + 3 - 19 = 2*o, 5*s = -20. Give l(o).
1
Let n(q) = -q**2 - 5*q + 1. Let o(s) = -s**3 + 2*s**2 + 6*s - 3. Let u be o(4). Let a = u - -6. Give n(a).
1
Let x(l) = -l**3 + 4*l**2 - 7*l + 5. Let z(m) = m**3 - 3*m**2 + 7*m - 5. Let t(p) = 3*x(p) + 2*z(p). Let y = -2 - -7. What is t(y)?
-5
Let k be 2/(2 + 12/(-5)). Let x(y) be the second derivative of y**3/6 + 3*y**2 + y - 2. Determine x(k).
1
Let n(k) = 9*k**2 - k + 8. Let j(g) = -4*g**2 - 4. Let l(s) = 7*j(s) + 3*n(s). Calculate l(-4).
-8
Suppose 5*s = -5*o + s + 2, -5*s - 4 = 3*o. Suppose -3*w + 7 = 1, -4*n = -5*w + o. Let d(a) = -a**2 + 6*a**2 - a**n + 4 - 3*a**2 + 3*a. Calculate d(-3).
4
Let d(s) = -4 + 6 - 7*s + 6*s - 2*s. Calculate d(3).
-7
Let l be (1 - 11)*2/5. Let r be (-3 - (l - -1))/1. Let d(a) = r*a - 6*a - 2*a + a**2 + 6. What is d(4)?
-10
Let n(k) = -k + 3. Let o(d) be the first derivative of -d**2/2 + 2*d - 2. Let z(f) = -5*n(f) + 4*o(f). Calculate z(0).
-7
Let a(u) = -u**2 - 6*u. Suppose -2*p = -14 + 6. Suppose 4*w = -28 + p. Give a(w).
0
Let y(v) = -2*v**3 + 9*v**2 - 3*v - 2. Let k(o) = o**3 - o**2 + o + 1. Let b(w) = -3*k(w) - y(w). What is b(-6)?
-1
Suppose 5*k - 8 = 2*h + 9, 3*k - h - 10 = 0. Let c(z) be the first derivative of -z**4/4 + z**3/3 + z**2 - 2*z + 4. Calculate c(k).
-14
Let o(z) be the second derivative of -13*z**3/6 + z**2/2 - 10*z. Determine o(1).
-12
Let r(n) = -10*n + 2. Let g(s) = -3*s + 1. Let o(w) = 7*g(w) - 2*r(w). Let k(q) be the first derivative of -q**2 - 6*q + 2. Let j be k(-5). Give o(j).
-1
Suppose -2*p = -4*j + 2, 9*p - 4*p = -4*j + 37. Let o = 7 + -5. Let s(r) = -o*r**j - 5 + r - 3*r**2 + r**3 + 3*r. Determine s(-4).
-5
Let m(k) = -k**2 - 10*k - 16. Let w be m(-7). Let x(f) = f**3 - 4*f**2 - 5*f + 1. What is x(w)?
1
Let s(h) = -3*h**2 - 3*h - 2. Let a be (2 - 8/6)/(7/(-21)). Determine s(a).
-8
Let g(w) be the second derivative of -3*w - 1/6*w**3 + 0 + 0*w**2. Suppose -3*n - n = 8. Calculate g(n).
2
Let z(r) = r - 5. Let o be (-171)/(-38) - (-1)/(-2). Give z(o).
-1
Let c(t) = -2*t**3 - 3*t**2 - 3*t - 3. Suppose p = -0*p - 9. Let g = 11 + p. Suppose 3*v - 14 = d, d - 2 = g*v - 12. Calculate c(d).
7
Let u(t) = -2*t**3 + 2 - 5*t + 0*t**3 - 6*t**2 - t**3 + 2*t**3. Calculate u(-4).
-10
Let s(z) = z**3 + 7*z**2 + 5*z - 1. Let k(i) = -i - 2. Let l be k(4). Calculate s(l).
5
Let w(y) = y**2 - 5*y + 6. Let t(r) = 4*r**2 + 10*r. Let z(p) = 5*p**2 + 11*p + 1. Let i(f) = -6*t(f) + 5*z(f). Let c(q) = -5*i(q) + 4*w(q). Determine c(4).
3
Let d(r) = -6*r**2 + 5*r - 3. Let l(k) = -k**3 - k**2 - 2*k - 2. Let h be l(-2). Let t(q) = 7*q**2 - 6*q + 2. Let z(y) = h*d(y) + 5*t(y). Calculate z(0).
-8
Let m(f) = 1 - 4*f - 9*f - 4*f + 20*f. Let a = -2 - -5. What is m(a)?
10
Let o(u) = u**2 - 3*u + 2. Let b(r) = 13*r**2 - 19*r - 14. Let v(w) = 7*w**2 - 10*w - 7. Let k(n) = -6*b(n) + 11*v(n). Let h be k(5). Calculate o(h).
0
Suppose 0 - 42 = -4*x + 3*v, v = -3*x + 25. Let y be (0 - -3)*(-4)/(-6). Let o be y*(-3)/x*-3. Let h(f) = 5*f - 2. What is h(o)?
8
Let b(z) be the first derivative of -z**3/6 + z**2 + 2*z + 2. Let k(s) be the first derivative of b(s). Determine k(0).
2
Suppose -5*b = 3*h + 25, -h - h + b = -5. Let z(g) be the first derivative of g**3/3 + g**2/2 + 3*g - 9. Determine z(h).
3
Let q(r) be the first derivative of -4*r**2 + 7*r - 2 + 1/3*r**3. What is q(6)?
-5
Suppose s + 13 = -3*i, 4*i + s = 2*i - 9. Let t(z) = 4*z**2 + 5*z - 1 - 6*z**2 + 4*z**2. Calculate t(i).
11
Let d(c) = -c**3 + 4*c**2 - 4*c + 4. Let v = 8 - 23. Let i(o) = -2*o + 3. Let q be i(-3). Let j be q*(v/9 + 2). What is d(j)?
1
Suppose -4*j - 15 = j. Let y(q) = -q + 2. Give y(j).
5
Let o be 1/5 - 9/((-45)/34). Let i(d) = -d**2 + 9*d. What is i(o)?
14
Let u(h) be the second derivative of h**5/20 - h**4/2 + h**3/2 - h**2/2 - h. Calculate u(5).
-11
Let t(b) = 10 - b**2 - 115*b**3 + 2 + 116*b**3. Give t(0).
12
Let p(g) be the third derivative of g**5/60 - 7*g**4/24 + g**3/2 + 3*g**2. Let o(n) be the first derivative of p(n). Determine o(5).
3
Let z(a) = -a**2 - a + 4. Let h(s) = -1. Let d(l) = -3*h(l) - z(l). Give d(0).
-1
Let s(d) = -5*d + 294 - 294 + 8*d. What is s(1)?
3
Let v(w) be the second derivative of 1/20*w**5 - 1/2*w**4 - 3*w**2 - 2*w + 0 + w**3. Let m be v(5). Let j(t) = 5*t**2 + t. Determine j(m).
4
Let i(d) = -10*d + 9. Let j(f) = -f + 1. Let h(g) = -2*i(g) + 18*j(g). Give h(-5).
-10
Let p be 1/(-4) - 21/(-4). Suppose 4*b = -b + p. Let j(c) = 19*c + 1 - 5*c - 8*c - 5*c. Determine j(b).
2
Let f(u) = u**3 - 5*u**2 + 4*u - 3. Suppose -3*i - 4*c = -4, -12 = 4*i - 9*i - 4*c. Calculate f(i).
-3
Suppose 2 = 2*t - 6. Let p(m) = -3*m + 5. What is p(t)?
-7
Let x = 9 - 4. Let s(r) = -r**2 + 5*r + 3. Let m be s(x). Let p(t) be the second derivative of -2*t**3/3 + 2*t**2 + t. Calculate p(m).
-8
Let u(v) = -v**3 - 2*v**2 + 2*v - 3. Let b(m) = 3*m - 33. Let d be b(10). What is u(d)?
0
Let c(d) be the third derivative of -3*d**5/40 + d**3/6 + d**2. Let q(m) be the first derivative of c(m). Let a be (2/(-4))/((-3)/6). Give q(a).
-9
Let a(m) = 2*m - 1. Let j be 105/6 + (-2)/(-4). Let b be (6/(-9))/((-3)/j). Determine a(b).
7
Let m(f) = 1 - 16*f**2 + 11*f**2 - 7*f + 5*f - f**3 + f**2. Let c = 7 - 4. Suppose c*u + 10 - 1 = 0. Give m(u).
-2
Let f(v) = -v - 7. Let s be ((-10)/6)/((-11)/33). Suppose 3*l + 10 = -s. Calculate f(l).
-2
Let v(w) = w**2 - 2*w + 3. Let q be v(3). Suppose -q*b = -5*b. Let p(g) = g - 2. Give p(b).
-2
Suppose -3*s - 17 = 28. Let q be s/(-20) - 11/4. Let i(d) = d**2 + 2*d + 1. Give i(q).
1
Let s(x) = x**2. Let z(n) = -n + 8. Let j be z(8). Suppose j = r - 9. Let g = r - 10. Determine s(g).
1
Let s(l) = l**3 - 3*l**2 - 6*l + 2. Suppose 3*z + 82 = 94. What is s(z)?
-6
Let q = 4 - 4. Let k(z) = -z**3 - z + 5. Determine k(q).
5
Let k(q) be the first derivative of -q**2 + 5*q + 8. Calculate k(-6).
17
Let q(c) = c + 5. Suppose z + 4*h + 16 = -3*z, -3*h = -6. Determine q(z).
-1
Let b(v) = -v**3 - v. Let d(o) = -5*o**3 + 9*o**2 + 4*o + 12. Let m(r) = -6*b(r) + d(r). Calculate m(-8).
-4
Let i(s) = -6*s**2 - s + 1. Let k(t) = 31*t**2 + 5*t - 5. Let a(n) = -11*i(n) - 2*k(n). Give a(-2).
13
Let k(t) = t**3 - 4*t**2 - 3*t - 3. Let m = -12 + 17. What is k(m)?
7
Let s(l) = -4 - 3 + 9*l + 6. What is s(-1)?
-10
Let a(m) = 13*m**2 + 11*m - 8. Let w(f) = -7*f**2 - 6*f + 4. Let i(h) = 6*a(h) + 11*w(h). Suppose b + 4*b = 0. Give i(b).
-4
Let o(r) = 4*r - 1. Suppose 2*q + c + 4 = 0, 5*c - 2 = -2*q + 3*q. Determine o(q).
-9
Let r = -13 + 15. Suppose -w - 1 = -r. Let q(m) = -8*m + 1. Give q(w).
-7
Suppose 4*x + j = 28, 0 = 2*x + x + 2*j - 16. Let q(r) = 1 + x*r - 3 + 0. Calculate q(2).
14
Suppose 3*v + v - 16 = 0. Let t(a) = -a**3 + 4*a**2 - 5. Give t(v).
-5
Let c = -5 - -8. Let z(q) be the third derivative of -1/120*q**6 + 1/12*q**4 - 1/6*q**3 + 1/30*q**5 + q**2 + 0*q + 0. What is z(c)?
-4
Let v be (9/12)/(-2 - 18/(-8)). Let y(f) be the second derivative of -2*f**3/3 + 3*f**2/2 - f. What is y(v)?
-9
Let y(c) = c**3 + 2*c**2 - 7*c - 6. Let l(k) = -k - 1. Let o be l(3). Determine y(o).
-10
Let b(n) = n**3 + 5*n**2 + n + 2. Suppose 0